42 + 634. Calculate the remainder when n is divided by 53.
52
Suppose -3*g + 18 = -0*g. Let k = 155 + -160. Let j = g - k. Calculate the remainder when j is divided by 6.
5
Suppose -2*q - 2*z = -174, -61*z + 59*z + 262 = 3*q. Let w(y) = y + 45. Calculate the remainder when q is divided by w(0).
43
Let s(z) = 2*z**3 - 25*z**2 + z + 47. Calculate the remainder when s(13) is divided by 76.
1
Let p(d) = 8*d - 10. Let f be p(3). Let q(l) = 2*l - 17. Calculate the remainder when 54 is divided by q(f).
10
Let k = -1 + 15. Let o(f) = f**2 - 9*f + 40. What is the remainder when o(7) is divided by k?
12
Let z = -71 + 118. Suppose 0*j = -2*j + 2*q - 158, -4*j = -q + 313. Let w = -66 - j. What is the remainder when z is divided by w?
11
Let h(t) = -t**2 - 7*t + 12. Let g be h(-8). Suppose 51 = g*y + 15. What is the remainder when 14 is divided by y?
5
Let u(s) = -s + 22. Let h be (0 - 1) + 2 + -3. What is the remainder when h*(105/(-6))/5 is divided by u(18)?
3
Suppose -9*y = -y - 120. Calculate the remainder when 12 is divided by 3*(-4 + 85/y).
2
Let q = 0 + 4. Suppose -2*b + 42 = 2*v + 2*v, -q*v + 4 = 0. Let x(o) = -o**2 - 16*o - 18. What is the remainder when x(-11) is divided by b?
18
Let q = -24 - -228. Calculate the remainder when q is divided by 58.
30
Let g be (27/4)/((-15)/(-40)). Suppose 0 = -h + 21 + g. Suppose -34 = -4*c + 22. What is the remainder when h is divided by c?
11
Let i = -423 - -478. What is the remainder when 130 is divided by i?
20
Let a(s) = 18*s**2 + 37*s + 36. Calculate the remainder when ((-4)/2)/(4/(-162)) is divided by a(-1).
13
Suppose 5*j + 8 = w - 42, 0 = -5*w - 3*j + 334. Let x = w - 48. What is the remainder when 184 is divided by x?
14
Let w be (84/(-8)*-4)/(-1). Let a = 55 + w. Let y(z) = 18*z - 1. What is the remainder when y(2) is divided by a?
9
Let y be 8/12 - (-10)/3. Suppose i + 3*b = 14 - 4, -2*i = y*b - 18. Calculate the remainder when 11 is divided by i.
4
Calculate the remainder when 381 is divided by 14/(-91) - 1252/(-26).
45
Suppose -3*n = -3*b + 9, 4*n - 3*b = -5*b. What is the remainder when (-6 + 2 + 41)/(n/(-2)) is divided by 26?
22
Let v = -12 + 46. Let j(b) = 2*b**2 + 35*b + 39. Let q(l) = -l**2 - 17*l - 19. Let k(n) = 2*j(n) + 5*q(n). Calculate the remainder when v is divided by k(-13).
7
Suppose -649 = 10*m - 4449. Suppose 6*c - m = c. What is the remainder when c is divided by 22?
10
Let d(v) = 9*v**2 - 19*v - 12. Calculate the remainder when d(3) is divided by 5.
2
Let s = 69 - 69. Suppose 2*v - 20 + 0 = s. Calculate the remainder when v is divided by 2.
0
Let h = 21 - 4. What is the remainder when (-2)/5 - 5644/(-85) is divided by h?
15
Let h = 141 + -9. Suppose -5*k - k = -h. Let m = -6 + k. What is the remainder when m is divided by 9?
7
Suppose -3*m = -2*g - 54, -4*g - 60 = m - 4*m. Let w = 10 - 6. What is the remainder when m is divided by (5/(-3))/(w/(-12))?
1
Let u(d) = -d**3 + 5*d**2 - 2*d - 1. Let b = -19 - -22. Calculate the remainder when 19 is divided by u(b).
8
Let n = -250 + 285. What is the remainder when 181 is divided by n?
6
Calculate the remainder when 2118/(-24)*(-4 + 0) is divided by 59.
58
Let t = 244 + -233. What is the remainder when 62 is divided by t?
7
Let j(q) = -6*q + 1. Let a be j(17). Let w = -85 - a. What is the remainder when 93 is divided by w?
13
Suppose -6*a = -11*a + 25. What is the remainder when 1/a - ((-2106)/15)/3 is divided by (0 - 1)*1*-12?
11
Suppose -5*x - 6*x = -55. Suppose x*o + r = 4*r + 28, 0 = 2*o - 4*r - 14. Calculate the remainder when o is divided by 2.
1
Let g be -17*1*-1 + 1. Let v = g + -1. Suppose -125 - 76 = -3*q. Calculate the remainder when q is divided by v.
16
Let p(n) = n**2 - 15*n + 58. Suppose -3*j + 499 = 4*q, -3*j - 638 = -5*q - 2*j. What is the remainder when q is divided by p(13)?
31
Suppose 36 = -5*p - 114. Calculate the remainder when 11 is divided by 3*(p/(-9) - 3).
0
Suppose z = -0*z + 18. What is the remainder when z is divided by 4?
2
Let v(k) = k**3 + 9*k**2 + 7*k - 3. Let x be v(-8). Suppose 3*l = -z + x*z - 57, 77 = 4*z + l. What is the remainder when z is divided by 10?
8
Let p = -47 + 69. What is the remainder when (p/4)/(-2 - (-42)/20) is divided by 16?
7
Let i(h) = -h. Let w(k) = -8*k + 2*k**2 - 3*k**2 - 33 - 29 + 72. What is the remainder when w(-8) is divided by i(-6)?
4
Suppose -4*m - 465 = -517. Calculate the remainder when 452 is divided by m.
10
Let i(v) = -v**3 - 13*v**2 - 12*v + 24. Calculate the remainder when 82 is divided by i(-12).
10
Suppose 37 = -67*w + 68*w - 3*y, 0 = 3*w + 5*y - 139. What is the remainder when 300 is divided by w?
42
Suppose -h = -k + 12, -4*k - 5 = 3. Suppose 0 = -13*x + 12*x + 68. Calculate the remainder when x is divided by 128/7 - (-4)/h.
14
What is the remainder when (61 - 3) + 3 - -1 is divided by 6 + 11/(66/(-30))*-2?
14
Suppose 3*i = -0 + 6. Suppose 0 = -i*j - 12 + 20. What is the remainder when 38 is divided by j?
2
Suppose -5*w - 2 = -157. What is the remainder when 90 is divided by w?
28
Let u(k) be the second derivative of k**3/3 + 13*k**2/2 + 17*k. What is the remainder when 11 is divided by u(-4)?
1
Suppose 3*u - 19 - 80 = 0. Let v(w) = 3*w**2. What is the remainder when u is divided by v(-2)?
9
Suppose 2*t + 2 + 0 = 0, -4 = -b + 2*t. Let f be 6/18 + b/(-6). Suppose -3*j + 8 + 16 = f. Calculate the remainder when 13 is divided by j.
5
Let i(b) = 2*b**2 - 3*b. What is the remainder when 44 is divided by i(3)?
8
Let o be 10 + (-11 + 6)*(-3)/(-5). Suppose o*x - 22 = 27. What is the remainder when 55 is divided by x?
6
Suppose -4*s + 34 = -42. Let h(t) = 2*t**2 - 12*t + 7. What is the remainder when s is divided by h(6)?
5
Let c be 662/((-4)/2)*-1*2. Suppose 12*l = c + 2086. What is the remainder when l is divided by 33?
31
Suppose -2*w - 2*x + 12 = -0*w, -w - 5*x + 6 = 0. Suppose 0 = -3*n + k + 36, w*n - 4*k - 60 = n. Calculate the remainder when 34 is divided by n.
10
Suppose -3*h + 35 = 2*h. Suppose 5*g - o = 158, -3*g + g + 5*o + 54 = 0. Let m = g - 29. Calculate the remainder when h is divided by m.
1
Let a(f) = 7*f + 2. Let j be a(6). Suppose 11 = 4*m + k - 23, 0 = -4*m + 4*k + j. Calculate the remainder when 34 is divided by m.
7
Suppose 13*w - 4319 = -1043. Calculate the remainder when w is divided by 23.
22
Calculate the remainder when ((-120375)/675)/(1/(-3)) is divided by 174.
13
What is the remainder when 155 + (8 - 7 - -4*1) is divided by 54?
52
Suppose -o - 3 + 7 = 0. Suppose 3*m + o = i - 24, 5*i - 5*m - 160 = 0. What is the remainder when i is divided by 7?
6
Let z(x) = x**3 + 4*x**2 + x - 3. Calculate the remainder when (-2635)/(-425) + 8/10 is divided by z(-3).
1
Suppose 3*o = -5*v + 153, -22 = -3*v - 5*o + 57. Suppose 4*q - 10 = -s, 22 = 3*s + 4*q - 0. What is the remainder when v is divided by s?
3
Suppose -460 = -5*l + 4*v, 4*l - 2*v - 43 = 331. What is the remainder when l is divided by 34?
28
Let l = 0 - -3. Let m be 10/l*(-126)/(-15). Let b = -2 + m. Calculate the remainder when b is divided by 7.
5
Suppose -7*u + 380 = -89. What is the remainder when 465 is divided by u?
63
Suppose -11*f + 34 = -9*f. Suppose 6*m + 12*m - 900 = 0. What is the remainder when m is divided by f?
16
Let u(l) = 11*l + 53. Let j be u(-12). Let o = j + 82. What is the remainder when 12 is divided by o?
0
Let n = -597 - -618. Calculate the remainder when 271 is divided by n.
19
Calculate the remainder when (-2326)/(-10) + (-2)/70*-14 is divided by 6.
5
Let t = 567 + -178. What is the remainder when t is divided by 28?
25
Let w(y) be the first derivative of y**2 + 29*y + 37. Calculate the remainder when 42 is divided by w(-9).
9
Let g(q) = q**2 - 3*q - 6. Let m be g(7). What is the remainder when 57 is divided by (-2)/12 + m/(-12) - -14?
9
Suppose 94*c - 2344 = 86*c. Calculate the remainder when c is divided by 7.
6
Let w = -148 - -154. What is the remainder when 182 is divided by (w + (-5 - 0))*(-37)/(-1)?
34
Suppose -1468 - 1640 = -2*i - 4*r, -4*i + 6244 = r. What is the remainder when i is divided by 46?
44
Let o(m) = 41*m + 2. Calculate the remainder when o(5) is divided by 70.
67
Suppose -28 - 23 = -3*m. Suppose 5*z - 3*s = 10, -3*s + 25 = 2*s. Calculate the remainder when m is divided by z.
2
Let j = 394 - 237. Let d(m) = 2*m**3 - 29*m**2 + 13*m + 34. What is the 